{"id":147,"date":"2016-06-12T19:53:11","date_gmt":"2016-06-12T17:53:11","guid":{"rendered":"http:\/\/naturopathie.chollet-page.ch\/nouveau\/wordpress\/?page_id=147"},"modified":"2019-06-06T14:42:57","modified_gmt":"2019-06-06T12:42:57","slug":"accueil","status":"publish","type":"page","link":"https:\/\/naturopathie.chollet-page.ch\/","title":{"rendered":"Accueil"},"content":{"rendered":"<h2><u><a href=\"https:\/\/naturopathie.chollet-page.ch\/wp-content\/uploads\/2018\/12\/DSC_0916-Copie-e1544372432937.jpg\"><img decoding=\"async\" loading=\"lazy\" class=\"size-medium wp-image-421 aligncenter\" src=\"https:\/\/naturopathie.chollet-page.ch\/wp-content\/uploads\/2018\/12\/DSC_0916-Copie-300x201.jpg\" alt=\"\" width=\"300\" height=\"201\" \/><\/a><\/u><\/h2>\n<h2><u>Bienvenue sur ce site.<\/u><\/h2>\n<p>Votre sant\u00e9 vous concerne, vous avez entendu parler de la naturopathie et cherchez des informations plus pr\u00e9cises.<\/p>\n<p>J\u2019esp\u00e8re, par ces quelques pages, vous permettre de d\u00e9couvrir en quoi consiste la naturopathie et mieux comprendre les possibilit\u00e9s qu&rsquo;elle vous offre.<\/p>\n<p>Le terme de \u00ab\u00a0naturopathie\u00a0\u00bb englobe un ensemble de techniques tr\u00e8s diverses dont le fil conducteur est le bien-\u00eatre global de la personne.<\/p>\n<p>Pr\u00e9server, entretenir ou retrouver son capital sant\u00e9 permet de s&rsquo;assurer \u00e0 long terme <strong>bien-\u00eatre, joie de vivre et pleine sant\u00e9.<\/strong><\/p>\n<p>Le naturopathe est l\u00e0 pour vous aider dans votre d\u00e9marche, vous apporter ses connaissances, mais c&rsquo;est de vous que viendra le succ\u00e8s car <strong><u>vous<\/u><\/strong> \u00eatre l&rsquo;artisan de votre bien-\u00eatre.<\/p>\n<p>Je suis <a href=\"https:\/\/naturopathie.chollet-page.ch\/?page_id=36\">infirmi\u00e8re dipl\u00f4m\u00e9e et naturopathe Dipl\u00f4me F\u00e9d\u00e9ral <\/a> et je vous pr\u00e9sente ici les techniques que je pratique.<\/p>\n<p>N\u2019h\u00e9sitez pas \u00e0 me <u><a href=\"https:\/\/naturopathie.chollet-page.ch\/?page_id=38\">contacter <\/a><\/u>si vous souhaitez davantage d\u2019informations.<\/p>\n<p>&nbsp;<\/p>\n","protected":false},"excerpt":{"rendered":"<p>Bienvenue sur ce site. Votre sant\u00e9 vous concerne, vous avez entendu parler de la naturopathie et cherchez des informations plus pr\u00e9cises. J\u2019esp\u00e8re, par ces quelques pages, vous permettre de d\u00e9couvrir <a class=\"more-link\" href=\"https:\/\/naturopathie.chollet-page.ch\/\">Continue Reading &rarr;<\/a><\/p>\n","protected":false},"author":1,"featured_media":0,"parent":0,"menu_order":0,"comment_status":"closed","ping_status":"open","template":"","meta":{"footnotes":""},"_links":{"self":[{"href":"https:\/\/naturopathie.chollet-page.ch\/index.php?rest_route=\/wp\/v2\/pages\/147"}],"collection":[{"href":"https:\/\/naturopathie.chollet-page.ch\/index.php?rest_route=\/wp\/v2\/pages"}],"about":[{"href":"https:\/\/naturopathie.chollet-page.ch\/index.php?rest_route=\/wp\/v2\/types\/page"}],"author":[{"embeddable":true,"href":"https:\/\/naturopathie.chollet-page.ch\/index.php?rest_route=\/wp\/v2\/users\/1"}],"replies":[{"embeddable":true,"href":"https:\/\/naturopathie.chollet-page.ch\/index.php?rest_route=%2Fwp%2Fv2%2Fcomments&post=147"}],"version-history":[{"count":11,"href":"https:\/\/naturopathie.chollet-page.ch\/index.php?rest_route=\/wp\/v2\/pages\/147\/revisions"}],"predecessor-version":[{"id":594,"href":"https:\/\/naturopathie.chollet-page.ch\/index.php?rest_route=\/wp\/v2\/pages\/147\/revisions\/594"}],"wp:attachment":[{"href":"https:\/\/naturopathie.chollet-page.ch\/index.php?rest_route=%2Fwp%2Fv2%2Fmedia&parent=147"}],"curies":[{"name":"wp","href":"https:\/\/api.w.org\/{rel}","templated":true}]}}