{"id":214,"date":"2016-07-12T23:02:42","date_gmt":"2016-07-12T21:02:42","guid":{"rendered":"http:\/\/naturopathie.chollet-page.ch\/nouveau\/wordpress\/?page_id=214"},"modified":"2018-12-11T23:06:57","modified_gmt":"2018-12-11T22:06:57","slug":"la-nutritherapie-preventive","status":"publish","type":"page","link":"https:\/\/naturopathie.chollet-page.ch\/?page_id=214","title":{"rendered":"La Nutrith\u00e9rapie pr\u00e9ventive"},"content":{"rendered":"<p>La Nutrith\u00e9rapie <strong>pr\u00e9ventive<\/strong> s\u2019adresse \u00e0 des personnes bien portantes ou tout au moins ne souffrant d\u2019aucun probl\u00e8me particulier.<\/p>\n<p>Son objectif est d&rsquo;optimiser les apports afin d&rsquo;assurer un bon \u00e9quilibre nutritionnel et maintenir une bonne sant\u00e9.<br \/>\nOn proc\u00e8de tout d\u2019abord \u00e0 un bilan complet des habitudes alimentaires de la personne, en analysant dans le d\u00e9tail ce qu\u2019elle absorbe au fil des jours, quand et comment.<br \/>\nUn r\u00e9\u00e9quilibrage est ensuite conseill\u00e9 en fonction de ses go\u00fbts, habitudes et mode de vie.<\/p>\n<p><strong>La nutrith\u00e9rapie n\u2019est pas une r\u00e9glementation aust\u00e8re, frustrante et privative, un \u00ab\u00a0r\u00e9gime\u00a0\u00bb avec toute la symbolique qui tourne autour de ce mot.<a href=\"https:\/\/naturopathie.chollet-page.ch\/wp-content\/uploads\/2018\/12\/DSC_0979.jpg\"><img decoding=\"async\" loading=\"lazy\" class=\"size-medium wp-image-580 alignright\" src=\"https:\/\/naturopathie.chollet-page.ch\/wp-content\/uploads\/2018\/12\/DSC_0979-300x219.jpg\" alt=\"\" width=\"300\" height=\"219\" srcset=\"https:\/\/naturopathie.chollet-page.ch\/wp-content\/uploads\/2018\/12\/DSC_0979-300x219.jpg 300w, https:\/\/naturopathie.chollet-page.ch\/wp-content\/uploads\/2018\/12\/DSC_0979-768x560.jpg 768w, https:\/\/naturopathie.chollet-page.ch\/wp-content\/uploads\/2018\/12\/DSC_0979.jpg 800w\" sizes=\"(max-width: 300px) 100vw, 300px\" \/><\/a><\/strong><\/p>\n<p>Chacun a la possibilit\u00e9 de comprendre quelles sont les erreurs nutritionnelles qu\u2019il commet et pourquoi, en les corrigeant, il va \u00e9viter des carences.<\/p>\n<p>Les modifications se situent \u00e0 trois niveaux :<\/p>\n<ul>\n<li>Les apports quantitatifs (on mange trop ou pas assez de certains aliments)<\/li>\n<li>Les apports qualitatifs (qualit\u00e9 des aliments bio ou riches en pesticides, produits chimiques..)<\/li>\n<li>Les associations alimentaires (le m\u00e9lange de certains aliments au cours d\u2019un m\u00eame repas peut ne pas \u00eatre souhaitable)<\/li>\n<\/ul>\n","protected":false},"excerpt":{"rendered":"<p>La Nutrith\u00e9rapie pr\u00e9ventive s\u2019adresse \u00e0 des personnes bien portantes ou tout au moins ne souffrant d\u2019aucun probl\u00e8me particulier. Son objectif est d&rsquo;optimiser les apports afin d&rsquo;assurer un bon \u00e9quilibre nutritionnel <a class=\"more-link\" href=\"https:\/\/naturopathie.chollet-page.ch\/?page_id=214\">Continue Reading &rarr;<\/a><\/p>\n","protected":false},"author":1,"featured_media":0,"parent":0,"menu_order":0,"comment_status":"closed","ping_status":"closed","template":"","meta":{"footnotes":""},"_links":{"self":[{"href":"https:\/\/naturopathie.chollet-page.ch\/index.php?rest_route=\/wp\/v2\/pages\/214"}],"collection":[{"href":"https:\/\/naturopathie.chollet-page.ch\/index.php?rest_route=\/wp\/v2\/pages"}],"about":[{"href":"https:\/\/naturopathie.chollet-page.ch\/index.php?rest_route=\/wp\/v2\/types\/page"}],"author":[{"embeddable":true,"href":"https:\/\/naturopathie.chollet-page.ch\/index.php?rest_route=\/wp\/v2\/users\/1"}],"replies":[{"embeddable":true,"href":"https:\/\/naturopathie.chollet-page.ch\/index.php?rest_route=%2Fwp%2Fv2%2Fcomments&post=214"}],"version-history":[{"count":5,"href":"https:\/\/naturopathie.chollet-page.ch\/index.php?rest_route=\/wp\/v2\/pages\/214\/revisions"}],"predecessor-version":[{"id":584,"href":"https:\/\/naturopathie.chollet-page.ch\/index.php?rest_route=\/wp\/v2\/pages\/214\/revisions\/584"}],"wp:attachment":[{"href":"https:\/\/naturopathie.chollet-page.ch\/index.php?rest_route=%2Fwp%2Fv2%2Fmedia&parent=214"}],"curies":[{"name":"wp","href":"https:\/\/api.w.org\/{rel}","templated":true}]}}