{"id":277,"date":"2016-07-15T10:41:53","date_gmt":"2016-07-15T08:41:53","guid":{"rendered":"http:\/\/naturopathie.chollet-page.ch\/nouveau\/wordpress\/?page_id=277"},"modified":"2018-12-11T22:38:09","modified_gmt":"2018-12-11T21:38:09","slug":"a-qui-sadresse-la-naturopathie","status":"publish","type":"page","link":"https:\/\/naturopathie.chollet-page.ch\/?page_id=277","title":{"rendered":"A qui s&rsquo;adresse la naturopathie?"},"content":{"rendered":"<p><span style=\"text-decoration: underline;\"><strong>LA NATUROPATHIE ET LES PETITS ENFANTS<\/strong><\/span><\/p>\n<p>Le syst\u00e8me immunitaire des jeunes enfants n\u2019est pas compl\u00e8tement d\u00e9velopp\u00e9 \u00e0 la naissance et il a besoin de se structurer.<\/p>\n<p>Les \u00e9pisodes infectieux sont fr\u00e9quents et inqui\u00e9tants pour les parents.<\/p>\n<p>Gr\u00e2ce \u00e0 la naturopathie nous allons\u00a0 aider le syst\u00e8me immunitaire \u00e0 se structurer par un travail de pr\u00e9vention et d\u2019accompagnement.<\/p>\n<p>Parall\u00e8lement, la mise en place d\u2019un programme d\u2019hygi\u00e8ne vitale permettra \u00e0 l\u2019enfant de se d\u00e9velopper de fa\u00e7on harmonieuse tant sur le plan physique que mental et \u00e9motionnel.<\/p>\n<p><span style=\"text-decoration: underline;\"><strong>LA NATUROPATHIE ET LES ENFANTS<\/strong><\/span><\/p>\n<p>L\u2019\u00e9quilibre des adultes se construit d\u00e8s l\u2019enfance.<\/p>\n<p>Si votre enfant est fatigu\u00e9, hyperactif ou hyper r\u00e9actif, violent ou indolent, il peut \u00eatre carenc\u00e9 en certains nutriments.<\/p>\n<p>Son comportement ou son mal-\u00eatre en sont la cons\u00e9quence, <strong>il n\u2019y peut rien<\/strong>\u00a0!<\/p>\n<p>La naturopathie peut vous aider \u00e0 corriger cela parce que, tout seul, votre enfant ne peut pas faire face.<\/p>\n<p>L\u2019enfance est la p\u00e9riode o\u00f9 s\u2019acqui\u00e8rent les bons r\u00e9flexes.<\/p>\n<p>C\u2019est le moment id\u00e9al pour mettre en place de bonnes habitudes tant alimentaires que d\u2019hygi\u00e8ne de vie.<\/p>\n<p>Elles permettront \u00e0 l\u2019enfant de se d\u00e9velopper de fa\u00e7on harmonieuse tant sur le plan physique que mental et \u00e9motionnel.<\/p>\n<p>Pour \u00e9viter que les probl\u00e8mes grandissent avec lui, aidez votre enfant avec une m\u00e9thode douce mais efficace.<\/p>\n<p><span style=\"text-decoration: underline;\"><strong>LA NATUROPATHIE ET LES ADOLESCENTS<\/strong><\/span><\/p>\n<p>Age de profondes transformations physiques et psychiques, l\u2019adolescence n\u2019est\u00a0 une p\u00e9riode simple ni pour les jeunes, ni pour les parents.<\/p>\n<p>Leur croissance rapide puise de fa\u00e7on excessive dans les r\u00e9serves de nutriments et provoque des carences.<\/p>\n<p>Leur organisme ne peut plus faire face, ni physiquement ni mentalement. S\u2019installent fatigue, agressivit\u00e9, d\u00e9sint\u00e9r\u00eat, d\u00e9valorisation, repli sur soi.<\/p>\n<p>Avant que ce mal-\u00eatre ne d\u00e9compense vers\u00a0 des extr\u00eames pr\u00e9judiciables \u00e0 sa sant\u00e9, il est possible de l\u2019aider avec des m\u00e9thodes douces mais efficaces.<\/p>\n<p>La naturopathie, avec ses nombreuses solutions sera une alli\u00e9e pr\u00e9cieuse pour\u00a0 soutenir votre adolescent dans ces moments d\u00e9licats et l\u2019aider \u00e0 devenir un adulte responsable et bien dans sa peau.<\/p>\n<p><span style=\"text-decoration: underline;\"><strong>LA NATUROPATHIE ET LES ADULTES<\/strong><\/span><\/p>\n<p>Pour aider et soutenir l&rsquo;adulte tout au long de sa vie tr\u00e9pidante.<\/p>\n<p><span style=\"text-decoration: underline;\"><strong>LA NATUROPATHIE ET L\u2019\u00c9TAPE DE LA M\u00c9NOPAUSE<\/strong><\/span><\/p>\n<p>La m\u00e9nopause est un processus naturel de la vie. La naturopathie aide \u00e0 r\u00e9guler les d\u00e9s\u00e9quilibres qui s\u2019installent \u00e0 cette p\u00e9riode et \u00e0 passer le cap dans les meilleures conditions et en douceur.<\/p>\n<p><span style=\"text-decoration: underline;\"><strong>LA NATUROPATHIE ET LE VIEILLISSEMENT<\/strong><\/span><\/p>\n<p>L\u2019esp\u00e9rance de vie augmente mais quelle vieillesse nous pr\u00e9parons nous\u00a0?<\/p>\n<p>Rester jeune plus longtemps, conserver sa vitalit\u00e9 et son autonomie, profiter pleinement de la vie est possible gr\u00e2ce \u00e0 des mesures simples et naturelles.<\/p>\n","protected":false},"excerpt":{"rendered":"<p>LA NATUROPATHIE ET LES PETITS ENFANTS Le syst\u00e8me immunitaire des jeunes enfants n\u2019est pas compl\u00e8tement d\u00e9velopp\u00e9 \u00e0 la naissance et il a besoin de se structurer. Les \u00e9pisodes infectieux sont <a class=\"more-link\" href=\"https:\/\/naturopathie.chollet-page.ch\/?page_id=277\">Continue Reading &rarr;<\/a><\/p>\n","protected":false},"author":1,"featured_media":0,"parent":0,"menu_order":0,"comment_status":"closed","ping_status":"closed","template":"","meta":{"footnotes":""},"_links":{"self":[{"href":"https:\/\/naturopathie.chollet-page.ch\/index.php?rest_route=\/wp\/v2\/pages\/277"}],"collection":[{"href":"https:\/\/naturopathie.chollet-page.ch\/index.php?rest_route=\/wp\/v2\/pages"}],"about":[{"href":"https:\/\/naturopathie.chollet-page.ch\/index.php?rest_route=\/wp\/v2\/types\/page"}],"author":[{"embeddable":true,"href":"https:\/\/naturopathie.chollet-page.ch\/index.php?rest_route=\/wp\/v2\/users\/1"}],"replies":[{"embeddable":true,"href":"https:\/\/naturopathie.chollet-page.ch\/index.php?rest_route=%2Fwp%2Fv2%2Fcomments&post=277"}],"version-history":[{"count":5,"href":"https:\/\/naturopathie.chollet-page.ch\/index.php?rest_route=\/wp\/v2\/pages\/277\/revisions"}],"predecessor-version":[{"id":569,"href":"https:\/\/naturopathie.chollet-page.ch\/index.php?rest_route=\/wp\/v2\/pages\/277\/revisions\/569"}],"wp:attachment":[{"href":"https:\/\/naturopathie.chollet-page.ch\/index.php?rest_route=%2Fwp%2Fv2%2Fmedia&parent=277"}],"curies":[{"name":"wp","href":"https:\/\/api.w.org\/{rel}","templated":true}]}}