{"id":49,"date":"2015-05-30T17:32:17","date_gmt":"2015-05-30T15:32:17","guid":{"rendered":"http:\/\/naturopathie.chollet-page.ch\/nouveau\/wordpress\/?page_id=49"},"modified":"2018-12-10T11:38:29","modified_gmt":"2018-12-10T10:38:29","slug":"la-phytotherapie","status":"publish","type":"page","link":"https:\/\/naturopathie.chollet-page.ch\/?page_id=49","title":{"rendered":"La Phytoth\u00e9rapie"},"content":{"rendered":"<div id=\"corps\">\n<p>De tous temps, les plantes ont \u00e9t\u00e9 utilis\u00e9es par les hommes pour rem\u00e9dier \u00e0 leurs probl\u00e8mes de sant\u00e9. Outre le fait qu&rsquo;elles ne provoquent pas d&rsquo;accoutumance, elles ont l&rsquo;avantage de ne pas \u00eatre iatrog\u00e8nes et donc de ne pas provoquer d&rsquo;effets secondaires ind\u00e9sirables. Toutefois attention, certaines plantes utilis\u00e9es \u00e0 forte dose ou \u00e0 trop long terme peuvent avoir des effets graves. Il convient donc de ne pas les utiliser de fa\u00e7on d\u00e9sinvolte.<\/p>\n<p>Les plantes agissent aussi bien sur les sympt\u00f4mes que sur le terrain, elles vont stimuler les r\u00e9actions physiologiques de l&rsquo;organisme au lieu de se substituer \u00e0 lui.<\/p>\n<h3>Choix de la pr\u00e9sentation<\/h3>\n<p>L&rsquo;efficacit\u00e9 du traitement sera fonction du choix judicieux de la plante mais aussi de sa <strong>qualit\u00e9<\/strong>. La teneur en principes actifs, la puret\u00e9 de la plante, l&rsquo;absence de produits semblables moins chers, l&rsquo;absence de contaminations par les bact\u00e9ries, les levures ou les moisissures, par les produits phytosanitaires (organochlor\u00e9s, organophosphor\u00e9s, fongicides, fumigants, pesticides.) garantissent la qualit\u00e9 des produits.<\/p>\n<p>Il existe de nombreuses <strong>formes de pr\u00e9parations.<\/strong><\/p>\n<p>Le choix sera d\u00e9termin\u00e9 en fonction de ce qui convient le mieux au patient et \u00e0 ses probl\u00e8mes.<\/p>\n<p>Les formes gal\u00e9niques les plus courantes sont:<a href=\"https:\/\/naturopathie.chollet-page.ch\/wp-content\/uploads\/2018\/12\/page-homeo-001.jpg\"><img decoding=\"async\" loading=\"lazy\" class=\"wp-image-497 alignright\" src=\"https:\/\/naturopathie.chollet-page.ch\/wp-content\/uploads\/2018\/12\/page-homeo-001-219x300.jpg\" alt=\"\" width=\"141\" height=\"190\" \/><\/a><\/p>\n<ul>\n<li>les g\u00e9lules<\/li>\n<li>les teintures m\u00e8res<\/li>\n<li>les suspensions int\u00e9grales de plantes fra\u00eeches<\/li>\n<li>les extraits de plantes fra\u00eeches<\/li>\n<li>les huiles essentielles<\/li>\n<li>les tisanes<\/li>\n<\/ul>\n<p>La <strong>bio disponibilit\u00e9<\/strong> du produit sera aussi \u00e0 consid\u00e9rer lors d&rsquo;une prescription. Elle d\u00e9pend de la pr\u00e9sentation du produit (g\u00e9lules qui se dissolvent trop tard ou masse s\u00e8che qui reste intacte) et de la personne qui l&rsquo;absorbe (si elle ne boit pas assez, la g\u00e9lule ressortira tel qu&rsquo;elle ou presque)<br \/>\nIl faut savoir que certaines plantes perdent des propri\u00e9t\u00e9s lors de leur transformation, s\u00e9chage notamment.<\/p>\n<h3>Choix de la plante<\/h3>\n<p>Les plantes, compos\u00e9es de multiples principes actifs, poss\u00e8dent non pas une mais tout un ensemble de propri\u00e9t\u00e9s.<br \/>\nSelon la partie de la plante utilis\u00e9e, les propri\u00e9t\u00e9s peuvent \u00eatre diff\u00e9rentes.<br \/>\nPar exemple, les parties a\u00e9riennes de l\u2019ortie et ses racines ne r\u00e9pondent pas aux m\u00eames indications.<br \/>\nLors de la prescription d&rsquo;une plante, le th\u00e9rapeute prend en compte l&rsquo;ensemble des r\u00e9actions du patient, afin d&rsquo;avoir une efficacit\u00e9 plus globale et plus cibl\u00e9e.<\/p>\n<h3>La gemmoth\u00e9rapie<\/h3>\n<p>Ces pr\u00e9parations \u00e0 mi-chemin entre la phytoth\u00e9rapie et l&rsquo;hom\u00e9opathie sont d\u00e9taill\u00e9es dans <a href=\"https:\/\/naturopathie.chollet-page.ch\/?page_id=57\">la page d\u00e9di\u00e9e<\/a><\/p>\n<\/div>\n","protected":false},"excerpt":{"rendered":"<p>De tous temps, les plantes ont \u00e9t\u00e9 utilis\u00e9es par les hommes pour rem\u00e9dier \u00e0 leurs probl\u00e8mes de sant\u00e9. Outre le fait qu&rsquo;elles ne provoquent pas d&rsquo;accoutumance, elles ont l&rsquo;avantage de <a class=\"more-link\" href=\"https:\/\/naturopathie.chollet-page.ch\/?page_id=49\">Continue Reading &rarr;<\/a><\/p>\n","protected":false},"author":1,"featured_media":0,"parent":46,"menu_order":0,"comment_status":"closed","ping_status":"open","template":"","meta":{"footnotes":""},"_links":{"self":[{"href":"https:\/\/naturopathie.chollet-page.ch\/index.php?rest_route=\/wp\/v2\/pages\/49"}],"collection":[{"href":"https:\/\/naturopathie.chollet-page.ch\/index.php?rest_route=\/wp\/v2\/pages"}],"about":[{"href":"https:\/\/naturopathie.chollet-page.ch\/index.php?rest_route=\/wp\/v2\/types\/page"}],"author":[{"embeddable":true,"href":"https:\/\/naturopathie.chollet-page.ch\/index.php?rest_route=\/wp\/v2\/users\/1"}],"replies":[{"embeddable":true,"href":"https:\/\/naturopathie.chollet-page.ch\/index.php?rest_route=%2Fwp%2Fv2%2Fcomments&post=49"}],"version-history":[{"count":6,"href":"https:\/\/naturopathie.chollet-page.ch\/index.php?rest_route=\/wp\/v2\/pages\/49\/revisions"}],"predecessor-version":[{"id":519,"href":"https:\/\/naturopathie.chollet-page.ch\/index.php?rest_route=\/wp\/v2\/pages\/49\/revisions\/519"}],"up":[{"embeddable":true,"href":"https:\/\/naturopathie.chollet-page.ch\/index.php?rest_route=\/wp\/v2\/pages\/46"}],"wp:attachment":[{"href":"https:\/\/naturopathie.chollet-page.ch\/index.php?rest_route=%2Fwp%2Fv2%2Fmedia&parent=49"}],"curies":[{"name":"wp","href":"https:\/\/api.w.org\/{rel}","templated":true}]}}