{"id":51,"date":"2015-05-30T17:36:09","date_gmt":"2015-05-30T15:36:09","guid":{"rendered":"http:\/\/naturopathie.chollet-page.ch\/nouveau\/wordpress\/?page_id=51"},"modified":"2018-12-11T22:53:35","modified_gmt":"2018-12-11T21:53:35","slug":"lhomeopathie","status":"publish","type":"page","link":"https:\/\/naturopathie.chollet-page.ch\/?page_id=51","title":{"rendered":"L&rsquo;Hom\u00e9opathie"},"content":{"rendered":"<p style=\"text-align: left;\">Le mot<strong> hom\u00e9opathie<\/strong> vient du grec et peut se traduire par \u00ab\u00a0semblable \u00e0 ce qu&rsquo;on \u00e9prouve\u00a0\u00bb.\u00a0\u00a0\u00a0\u00a0\u00a0\u00a0\u00a0\u00a0\u00a0\u00a0\u00a0\u00a0\u00a0\u00a0\u00a0\u00a0\u00a0\u00a0\u00a0\u00a0\u00a0\u00a0\u00a0\u00a0\u00a0\u00a0\u00a0\u00a0\u00a0\u00a0\u00a0\u00a0\u00a0\u00a0\u00a0\u00a0\u00a0\u00a0\u00a0\u00a0\u00a0\u00a0\u00a0\u00a0\u00a0\u00a0\u00a0\u00a0\u00a0\u00a0\u00a0\u00a0\u00a0\u00a0\u00a0\u00a0\u00a0\u00a0\u00a0\u00a0\u00a0\u00a0\u00a0\u00a0\u00a0\u00a0\u00a0\u00a0\u00a0\u00a0\u00a0\u00a0\u00a0\u00a0\u00a0\u00a0\u00a0\u00a0\u00a0\u00a0\u00a0\u00a0\u00a0\u00a0\u00a0\u00a0\u00a0\u00a0\u00a0\u00a0\u00a0\u00a0\u00a0\u00a0\u00a0\u00a0\u00a0\u00a0\u00a0\u00a0\u00a0\u00a0\u00a0\u00a0\u00a0\u00a0\u00a0\u00a0\u00a0\u00a0\u00a0\u00a0\u00a0\u00a0\u00a0<a href=\"https:\/\/naturopathie.chollet-page.ch\/wp-content\/uploads\/2018\/12\/homeo-001.jpg\"><img decoding=\"async\" loading=\"lazy\" class=\"wp-image-486 alignright\" src=\"https:\/\/naturopathie.chollet-page.ch\/wp-content\/uploads\/2018\/12\/homeo-001-291x300.jpg\" alt=\"\" width=\"195\" height=\"201\" srcset=\"https:\/\/naturopathie.chollet-page.ch\/wp-content\/uploads\/2018\/12\/homeo-001-291x300.jpg 291w, https:\/\/naturopathie.chollet-page.ch\/wp-content\/uploads\/2018\/12\/homeo-001.jpg 551w\" sizes=\"(max-width: 195px) 100vw, 195px\" \/><\/a>\u00a0\u00a0\u00a0\u00a0\u00a0\u00a0\u00a0\u00a0\u00a0\u00a0\u00a0\u00a0\u00a0\u00a0\u00a0 L&rsquo;hom\u00e9opathie va agir selon la loi du <strong>similimum<\/strong> qui dit que<em> \u00ab\u00a0toute substance capable de provoquer \u00e0 dose pond\u00e9rale et chez une personne saine un ensemble de sympt\u00f4me va, prescrite \u00e0 dose infinit\u00e9simale, gu\u00e9rir une personne malade pr\u00e9sentant ces m\u00eames sympt\u00f4mes.\u00a0\u00bb<\/em><\/p>\n<p style=\"text-align: left;\">Choix du rem\u00e8de<\/p>\n<p>L&rsquo;hom\u00e9opathe va s&rsquo;int\u00e9resser au <strong>mode d&rsquo;apparition ou d&rsquo;\u00e9volution<\/strong> des sympt\u00f4mes pour comprendre comment son patient d\u00e9veloppe sa maladie et le ramener \u00e0 un \u00e9tat de bien-\u00eatre total.<br \/>\nIl ne va pas supprimer les sympt\u00f4mes mais les utiliser pour choisir le rem\u00e8de le mieux appropri\u00e9 qui va enclencher et orienter l&rsquo;\u00e9nergie vitale du patient et lui permettre de mettre en route lui-m\u00eame le processus de gu\u00e9rison.<\/p>\n<p>L&rsquo;anamn\u00e8se du patient lors de sa premi\u00e8re consultation a l\u00e0 toute sa signification puisqu&rsquo;elle va permettre au th\u00e9rapeute de comprendre <strong>comment<\/strong> \u00ab\u00a0fonctionne\u00a0\u00bb le patient, tant au niveau physique et mental que psychique.<br \/>\nIl est donc tr\u00e8s important que le patient r\u00e9ponde de fa\u00e7on tr\u00e8s pr\u00e9cise et sinc\u00e8re aux questions parfois surprenantes que le th\u00e9rapeute peut lui poser, ce n&rsquo;est ni de la curiosit\u00e9 ni de l&rsquo;indiscr\u00e9tion, mais juste un moyen pour lui de bien comprendre les r\u00e9actions de son patient pour trouver le rem\u00e8de qui sera le plus efficace.<\/p>\n<p><b>Le patient n&rsquo;est pas spectateur passif mais acteur actif et c&rsquo;est de lui que vient la gu\u00e9rison.<\/b><\/p>\n<h3>Choix de la pr\u00e9sentation<\/h3>\n<p>Les produits hom\u00e9opathiques sont fabriqu\u00e9s \u00e0 partir de substances provenant du <strong>r\u00e8gne animal, v\u00e9g\u00e9tal ou min\u00e9ral<\/strong>. Ces substances sont dissoutes et mac\u00e9r\u00e9es dans une solution alcoolique puis filtr\u00e9es ; on obtient un extrait appel\u00e9 teinture m\u00e8re. Cette teinture m\u00e8re est ensuite dilu\u00e9e et dynamis\u00e9e, le chiffre qui accompagne le nom du produit <a href=\"https:\/\/naturopathie.chollet-page.ch\/wp-content\/uploads\/2018\/12\/page-homeo-001-1.jpg\"><img decoding=\"async\" loading=\"lazy\" class=\"wp-image-527 alignright\" src=\"https:\/\/naturopathie.chollet-page.ch\/wp-content\/uploads\/2018\/12\/page-homeo-001-1-219x300.jpg\" alt=\"\" width=\"127\" height=\"168\" \/><\/a>renseigne sur le nombre de dilutions et de dynamisations.<br \/>\nIl existe deux proc\u00e9d\u00e9s de <strong>dilutions<\/strong>:<\/p>\n<ul>\n<li>La dilution CH: Cent\u00e9simale Hahnemannienne<\/li>\n<li>La dilution K: Korsakovienne<\/li>\n<\/ul>\n<p>Chaque dilution est suivie d&rsquo;une <strong>dynamisation<\/strong> qui consiste \u00e0 secouer fortement le m\u00e9lange obtenu pour provoquer une agitation mol\u00e9culaire et activer la pr\u00e9paration.<\/p>\n<p><strong>Le choix de la dilution <\/strong>d\u00e9pend de diff\u00e9rents facteurs:<\/p>\n<ul>\n<li>les sympt\u00f4mes sont locaux, r\u00e9gionaux ou plus g\u00e9n\u00e9raux<\/li>\n<li>les sympt\u00f4mes sont r\u00e9cents ou anciens<\/li>\n<li>Les sympt\u00f4mes sont d&rsquo;ordre physiques, physiologiques, \u00e9motionnels ou psychiques<\/li>\n<\/ul>\n<p>Il existe de nombreux crit\u00e8res s\u00e9lectifs qui orientent le choix du th\u00e9rapeute.<\/p>\n<h3>Les diff\u00e9rentes pr\u00e9sentations<\/h3>\n<p>L&rsquo;hom\u00e9opathie peut se pr\u00e9senter sous diff\u00e9rentes formes :<\/p>\n<ul>\n<li>Gouttes en basses dilutions, gemmoth\u00e9rapie, lithoth\u00e9rapie<\/li>\n<li>poudre en basses dilutions<\/li>\n<li>globules en hautes et basses dilutions<\/li>\n<li>granules en hautes et basses dilutions (jusqu&rsquo;\u00e0 30CH)<\/li>\n<li>pommades<\/li>\n<li>suppositoires<\/li>\n<li>ovules<\/li>\n<li>ampoules buvables<\/li>\n<li>ampoules injectables<\/li>\n<li>sirops<\/li>\n<\/ul>\n<h3>Diff\u00e9rentes \u00e9coles<\/h3>\n<ul>\n<li><strong>L&rsquo;hom\u00e9opathie uniciste<\/strong>: Elle fait appel \u00e0 un seul produit qui doit correspondre au profil le plus proche possible de celui du patient.<\/li>\n<li><strong>L&rsquo;hom\u00e9opathie pluriciste<\/strong>: Parall\u00e8lement aux pr\u00e9sentations unicistes, il existe des pr\u00e9parations o\u00f9 sont associ\u00e9es plusieurs substances ou une m\u00eame substance en diff\u00e9rentes dilutions. Ces rem\u00e8des compos\u00e9s, moins cibl\u00e9s, ont l&rsquo;avantage de couvrir un plus large \u00e9ventail de sympt\u00f4mes.<\/li>\n<\/ul>\n","protected":false},"excerpt":{"rendered":"<p>Le mot hom\u00e9opathie vient du grec et peut se traduire par \u00ab\u00a0semblable \u00e0 ce qu&rsquo;on \u00e9prouve\u00a0\u00bb.\u00a0\u00a0\u00a0\u00a0\u00a0\u00a0\u00a0\u00a0\u00a0\u00a0\u00a0\u00a0\u00a0\u00a0\u00a0\u00a0\u00a0\u00a0\u00a0\u00a0\u00a0\u00a0\u00a0\u00a0\u00a0\u00a0\u00a0\u00a0\u00a0\u00a0\u00a0\u00a0\u00a0\u00a0\u00a0\u00a0\u00a0\u00a0\u00a0\u00a0\u00a0\u00a0\u00a0\u00a0\u00a0\u00a0\u00a0\u00a0\u00a0\u00a0\u00a0\u00a0\u00a0\u00a0\u00a0\u00a0\u00a0\u00a0\u00a0\u00a0\u00a0\u00a0\u00a0\u00a0\u00a0\u00a0\u00a0\u00a0\u00a0\u00a0\u00a0\u00a0\u00a0\u00a0\u00a0\u00a0\u00a0\u00a0\u00a0\u00a0\u00a0\u00a0\u00a0\u00a0\u00a0\u00a0\u00a0\u00a0\u00a0\u00a0\u00a0\u00a0\u00a0\u00a0\u00a0\u00a0\u00a0\u00a0\u00a0\u00a0\u00a0\u00a0\u00a0\u00a0\u00a0\u00a0\u00a0\u00a0\u00a0\u00a0\u00a0\u00a0\u00a0\u00a0\u00a0\u00a0\u00a0\u00a0\u00a0\u00a0\u00a0\u00a0\u00a0\u00a0\u00a0\u00a0\u00a0\u00a0\u00a0\u00a0 L&rsquo;hom\u00e9opathie va agir selon la loi du similimum qui dit que \u00ab\u00a0toute substance capable <a class=\"more-link\" href=\"https:\/\/naturopathie.chollet-page.ch\/?page_id=51\">Continue Reading &rarr;<\/a><\/p>\n","protected":false},"author":1,"featured_media":0,"parent":46,"menu_order":0,"comment_status":"closed","ping_status":"open","template":"","meta":{"footnotes":""},"_links":{"self":[{"href":"https:\/\/naturopathie.chollet-page.ch\/index.php?rest_route=\/wp\/v2\/pages\/51"}],"collection":[{"href":"https:\/\/naturopathie.chollet-page.ch\/index.php?rest_route=\/wp\/v2\/pages"}],"about":[{"href":"https:\/\/naturopathie.chollet-page.ch\/index.php?rest_route=\/wp\/v2\/types\/page"}],"author":[{"embeddable":true,"href":"https:\/\/naturopathie.chollet-page.ch\/index.php?rest_route=\/wp\/v2\/users\/1"}],"replies":[{"embeddable":true,"href":"https:\/\/naturopathie.chollet-page.ch\/index.php?rest_route=%2Fwp%2Fv2%2Fcomments&post=51"}],"version-history":[{"count":7,"href":"https:\/\/naturopathie.chollet-page.ch\/index.php?rest_route=\/wp\/v2\/pages\/51\/revisions"}],"predecessor-version":[{"id":574,"href":"https:\/\/naturopathie.chollet-page.ch\/index.php?rest_route=\/wp\/v2\/pages\/51\/revisions\/574"}],"up":[{"embeddable":true,"href":"https:\/\/naturopathie.chollet-page.ch\/index.php?rest_route=\/wp\/v2\/pages\/46"}],"wp:attachment":[{"href":"https:\/\/naturopathie.chollet-page.ch\/index.php?rest_route=%2Fwp%2Fv2%2Fmedia&parent=51"}],"curies":[{"name":"wp","href":"https:\/\/api.w.org\/{rel}","templated":true}]}}