{"id":70,"date":"2015-05-30T17:49:22","date_gmt":"2015-05-30T15:49:22","guid":{"rendered":"http:\/\/naturopathie.chollet-page.ch\/nouveau\/wordpress\/?page_id=70"},"modified":"2018-12-10T13:29:57","modified_gmt":"2018-12-10T12:29:57","slug":"la-sympathicotherapie","status":"publish","type":"page","link":"https:\/\/naturopathie.chollet-page.ch\/?page_id=70","title":{"rendered":"La Sympathicoth\u00e9rapie"},"content":{"rendered":"<p><span style=\"color: #3366ff;\"><strong>La Sympathicoth\u00e9rapie<\/strong>,<\/span> ou r\u00e9flexologie endonasale, est une technique permettant de r\u00e9\u00e9quilibrer des d\u00e9sordres neurov\u00e9g\u00e9tatifs et fonctionnels.<\/p>\n<p>Comme dans la r\u00e9flexologie plantaire, des zones r\u00e9flexes correspondant aux<a href=\"https:\/\/naturopathie.chollet-page.ch\/wp-content\/uploads\/2018\/12\/sympathico-001.jpg\"><img decoding=\"async\" loading=\"lazy\" class=\"size-medium wp-image-542 alignright\" src=\"https:\/\/naturopathie.chollet-page.ch\/wp-content\/uploads\/2018\/12\/sympathico-001-300x239.jpg\" alt=\"\" width=\"300\" height=\"239\" srcset=\"https:\/\/naturopathie.chollet-page.ch\/wp-content\/uploads\/2018\/12\/sympathico-001-300x239.jpg 300w, https:\/\/naturopathie.chollet-page.ch\/wp-content\/uploads\/2018\/12\/sympathico-001-768x613.jpg 768w, https:\/\/naturopathie.chollet-page.ch\/wp-content\/uploads\/2018\/12\/sympathico-001-1024x817.jpg 1024w, https:\/\/naturopathie.chollet-page.ch\/wp-content\/uploads\/2018\/12\/sympathico-001.jpg 1230w\" sizes=\"(max-width: 300px) 100vw, 300px\" \/><\/a> diff\u00e9rentes parties du corps ont \u00e9t\u00e9 localis\u00e9es \u00e0 l\u2019int\u00e9rieur du nez.<\/p>\n<p>Stimuler ces zones r\u00e9flexes permet de travailler \u00e0 distance sur les diff\u00e9rentes parties du corps.<\/p>\n<p>Cette technique est tr\u00e8s efficace pour lever les blocages au niveau des sinus en cas de sinusite chronique, associ\u00e9e aux huiles essentielles.<\/p>\n<p>Elle permet aussi de r\u00e9\u00e9quilibrer l\u2019organisme en cas de stress important.<\/p>\n<p>En g\u00e9n\u00e9ral, trois s\u00e9ances suffisent \u00e0 am\u00e9liorer notablement la situation et \u00e0 espacer voir \u00e9liminer les crises.<\/p>\n","protected":false},"excerpt":{"rendered":"<p>La Sympathicoth\u00e9rapie, ou r\u00e9flexologie endonasale, est une technique permettant de r\u00e9\u00e9quilibrer des d\u00e9sordres neurov\u00e9g\u00e9tatifs et fonctionnels. Comme dans la r\u00e9flexologie plantaire, des zones r\u00e9flexes correspondant aux diff\u00e9rentes parties du corps <a class=\"more-link\" href=\"https:\/\/naturopathie.chollet-page.ch\/?page_id=70\">Continue Reading &rarr;<\/a><\/p>\n","protected":false},"author":1,"featured_media":0,"parent":46,"menu_order":0,"comment_status":"closed","ping_status":"open","template":"","meta":{"footnotes":""},"_links":{"self":[{"href":"https:\/\/naturopathie.chollet-page.ch\/index.php?rest_route=\/wp\/v2\/pages\/70"}],"collection":[{"href":"https:\/\/naturopathie.chollet-page.ch\/index.php?rest_route=\/wp\/v2\/pages"}],"about":[{"href":"https:\/\/naturopathie.chollet-page.ch\/index.php?rest_route=\/wp\/v2\/types\/page"}],"author":[{"embeddable":true,"href":"https:\/\/naturopathie.chollet-page.ch\/index.php?rest_route=\/wp\/v2\/users\/1"}],"replies":[{"embeddable":true,"href":"https:\/\/naturopathie.chollet-page.ch\/index.php?rest_route=%2Fwp%2Fv2%2Fcomments&post=70"}],"version-history":[{"count":8,"href":"https:\/\/naturopathie.chollet-page.ch\/index.php?rest_route=\/wp\/v2\/pages\/70\/revisions"}],"predecessor-version":[{"id":549,"href":"https:\/\/naturopathie.chollet-page.ch\/index.php?rest_route=\/wp\/v2\/pages\/70\/revisions\/549"}],"up":[{"embeddable":true,"href":"https:\/\/naturopathie.chollet-page.ch\/index.php?rest_route=\/wp\/v2\/pages\/46"}],"wp:attachment":[{"href":"https:\/\/naturopathie.chollet-page.ch\/index.php?rest_route=%2Fwp%2Fv2%2Fmedia&parent=70"}],"curies":[{"name":"wp","href":"https:\/\/api.w.org\/{rel}","templated":true}]}}